*v. Let x = v + -3. Calculate the highest common factor of i and x.
2
Let d(j) = j**3 + 5*j**2 - 4*j + 2. Let h be d(-6). Let r be -1 + (-2 - h/1). Calculate the greatest common divisor of r and 63.
7
Let j be 19 + -9 - 1*-2. Let o(i) = -4*i. Let h be o(-3). Calculate the greatest common factor of h and j.
12
Let a be 15/6*16/10. Let j(l) = 2*l**3 - 2*l**2 - 5*l + 2. Let i be j(a). What is the greatest common factor of i and 26?
26
Suppose 18 + 9 = 3*h. Let t be 3 + 0 + -3 + 4. Suppose t*d - w - w = 398, -5*d + 3*w + 498 = 0. What is the highest common divisor of h and d?
9
Suppose 0 = -y + 7. Suppose 5*x - 4 - 1 = 0. Calculate the greatest common divisor of y and x.
1
Let q(k) = -7*k**2 - 3*k + 10. Let r(s) = -8*s**2 - 2*s + 9. Let h(p) = -7*q(p) + 6*r(p). Let y be h(-11). What is the greatest common factor of y and 42?
6
Let b = 35 - 14. Calculate the greatest common divisor of 6 and b.
3
Let s(b) = 3*b**2 - 8*b - 4. Let t be (-18)/4*8/(-6). Let p be s(t). Let j be 4/12 + 3*(-23)/(-9). What is the greatest common factor of p and j?
8
Let a(i) = 5*i**2 + 3*i + 1. Let f be a(-2). Let c be -4 - ((-79)/(-2))/(1/(-2)). What is the highest common factor of f and c?
15
Suppose 117 - 12 = 5*a. Let f = -15 + a. Calculate the greatest common divisor of f and 18.
6
Let o be 0 + 24 + 0 + 0. Suppose -q + 1 = 5*i, -4*q = -0*q + 3*i - 21. Let b be (-4)/(-2 - (-9)/q). What is the greatest common divisor of o and b?
8
Suppose -4*z = 38 - 150. Calculate the greatest common factor of z and 70.
14
Let j(p) = 4*p**2 - 3. Suppose s + 4*s = -3*t, -2*s - 11 = -t. Let g be j(s). What is the highest common divisor of 22 and g?
11
Suppose 17*a + 33 + 1 = 0. Let p(x) = 2*x + 5. Let n be p(-4). Let w be 28 - (a + (-6)/n). What is the greatest common divisor of 42 and w?
14
Let y = -69 + 129. Let z = -16 - -8. Let u = 7 - z. What is the highest common factor of u and y?
15
Let z(q) be the first derivative of q**2/2 - 7*q + 2. Let v be z(6). Let p be (-71)/(-3) + v/(-3). What is the greatest common divisor of p and 16?
8
Suppose 5*i = -19 - 1, -5*i = 2*y + 18. Let z be (-2)/9 + (-40)/(-18). Let m be (-8 + y + z)*-1. Calculate the greatest common divisor of m and 15.
5
Let g be (-6 + 11)*(2 - -52). What is the greatest common factor of 30 and g?
30
Let a(t) = -t**2. Let o be a(2). Let z be o/(-14) - 178/(-14). Let x = -65 - -117. Calculate the greatest common divisor of x and z.
13
Let s(p) = 2*p**2 + 6. Let a be s(5). Suppose -w + 0*w = -2. Suppose -v = 5*z + 13, 2*v = -w*v + 3*z + 40. What is the highest common factor of a and v?
7
Let h = 6 - -3. Let o(k) = 66*k**3 - 3*k**2 - k + 1. Let d be o(-2). Let r be d/(-12) - (-4)/16. What is the greatest common factor of r and h?
9
Let a = 48 + -27. Let d = a + -11. Suppose -s + 24 = -4*v, 3*s + 0*s - 5*v = 37. Calculate the greatest common factor of d and s.
2
Let t be -5*((-192)/(-15))/(-4). Let w = 7 - t. Let s = w + 13. Calculate the highest common divisor of 4 and s.
4
Suppose 4*u - 8 = -4*l, 4*u = -0*u + 4. Let j be 30/(l - 3/(-6)). What is the highest common factor of j and 50?
10
Suppose 30 = 5*x - 15. Suppose 5*d - 4*d = -5*h + x, 3 = 3*h. Calculate the greatest common factor of d and 10.
2
Let w = 36 - 24. Let d be (2/2 - -88) + 1. Suppose 2*b + b = d. What is the greatest common divisor of w and b?
6
Suppose 4*h = -2*g + 16, 0*h - 2*g = h - 4. Suppose 5*i = 25 - 10, h*i = -3*u + 30. What is the highest common factor of 9 and u?
3
Let h be (-141)/(-6) - (-2)/4. Calculate the highest common factor of h and 16.
8
Suppose 68 = 2*q + 4*t, -t + 134 = 4*q - 23. What is the greatest common divisor of 100 and q?
20
Let w = 2 + 0. Suppose a + a - 44 = w*l, a - 46 = -5*l. Suppose -4*t - 2*m = -30 - 6, -5*m = 2*t - a. Calculate the highest common divisor of 1 and t.
1
Suppose 10*f = 12*f - 48. Calculate the greatest common factor of f and 72.
24
Suppose -2*v - 2*f - 2 = -f, -f = -5*v + 2. Suppose 2*w = -v*w - 4. Let x be 162/10 - w/(-10). Calculate the greatest common factor of x and 80.
16
Suppose -4*r + 2 = -6. Suppose 6 + 4 = r*d. What is the highest common divisor of d and 1?
1
Suppose -144 = w - 9*w. Let b(f) = -162*f**3 - f**2 - f. Let y be b(-1). Calculate the greatest common factor of w and y.
18
Let l = 179 - 141. Let j(t) = 4*t**2 - 9*t + 5. Let p be j(6). What is the highest common divisor of l and p?
19
Let k = 230 + -117. Suppose 4*m = -d + 114, -2*m = d + m - k. Suppose j - 71 = -3*y, 4*y = -3*j - 7 + d. What is the highest common divisor of y and 33?
11
Let q be -3*(-6)/(18/11). Calculate the greatest common factor of q and 33.
11
Let q = 240 + -455. Let v = 407 + q. Suppose -j + 5*j = v. What is the greatest common factor of 6 and j?
6
Let a(h) be the second derivative of h**4/12 - 2*h**2 + 2*h. Let f be a(-3). Let p be ((-9)/(-2))/(2/20). Calculate the greatest common factor of f and p.
5
Let v be ((-88)/55)/(4/(-10)). What is the greatest common divisor of 1 and v?
1
Suppose -1 = -2*l + 1. Let g(q) = -q**2 + l - 2*q**3 + q**2 + 2*q. Let h be g(-1). Calculate the greatest common factor of 5 and h.
1
Suppose 11 - 45 = 2*v. Let b = 29 + v. Let o(z) = -z**2 - 6*z - 1. Let r be o(-5). What is the highest common divisor of r and b?
4
Let k = 18 - 9. Let b be 4/6 - (-1209)/k. What is the highest common divisor of 15 and b?
15
Let u = 58 - 38. Suppose -3*o - 4*l = -o - 12, 0 = -2*o - 2*l + 8. What is the greatest common factor of o and u?
2
Suppose 0 = -5*a - 4*k + 667, 4*a + k + 311 = 849. What is the greatest common divisor of 15 and a?
15
Suppose -192 = -7*m + 4. Calculate the greatest common divisor of m and 4.
4
Let w be (28/(-12) + 2)*-78. Calculate the greatest common divisor of w and 104.
26
Let t = 154 + -34. Calculate the highest common divisor of t and 15.
15
Let i = -101 - -213. Let n be (-4)/(-6) + (-1586)/(-6). Let a = n - i. Calculate the greatest common factor of 17 and a.
17
Let j(p) = -34*p + 2. Suppose 2*r + 0 + 4 = 0. Let b be j(r). What is the highest common factor of b and 10?
10
Suppose 5 = -q + 15. Suppose 4*f - 6*f = -364. Suppose 2*b + 38 = 4*t + f, 4*b - 285 = 5*t. What is the highest common factor of b and q?
10
Let r be -2 + ((-165)/1)/(-3). Suppose -2*f - 3*l + r = 3*f, 5*l = -2*f + 6. What is the highest common factor of 143 and f?
13
Let a = 31 - 21. Suppose 0 = -2*b - 3*o + 112, 216 = b + 3*b + 4*o. Calculate the highest common factor of a and b.
10
Suppose 2*y = y + 12. Let a = 3 + y. Let j(w) = w**2 - 2*w + 2. Let n be j(4). What is the greatest common divisor of n and a?
5
Let h = 52 - 20. Suppose 5*p = 3*u - 12, 14 = -3*p + u - 6*u. Let t be 5*1 - (-2 - p). What is the highest common factor of t and h?
4
Suppose 5*n + 37 = 5*g + 97, -20 = -5*n - 5*g. What is the highest common divisor of n and 12?
4
Let j = -22 - -28. Calculate the highest common divisor of 6 and j.
6
Let o(l) = l + 18. Let m be o(3). What is the greatest common factor of 168 and m?
21
Suppose 326 = 4*k - 994. What is the highest common factor of 30 and k?
30
Let x(i) = i**3 - 7*i**2 + 7*i - 3. Let j be x(6). Suppose 0*r = j*r - 9. Calculate the highest common divisor of r and 15.
3
Let j be (-8)/(-10) + 62/10. Calculate the highest common factor of j and 70.
7
Suppose 2*t = 4, 3*t - 64 = -w - 2*t. Calculate the greatest common factor of w and 18.
18
Let d(s) = 2*s - 4. Let j be d(9). Suppose -j = 4*t - 54. Let u be (-2)/((-2)/t*2). What is the greatest common divisor of 1 and u?
1
Suppose 0 - 2 = -2*n. What is the highest common factor of n and 1?
1
Let p(w) = w**3 + 15*w**2 + 3*w + 93. Let a be p(-15). Let k = -7 + 13. What is the greatest common divisor of a and k?
6
Let y be 2 + (3 - (-15)/(-1)). Let u = -4 - y. Let b(q) = q**2 - q - 6. Let j be b(7). Calculate the greatest common divisor of u and j.
6
Suppose -841 = -3*b + 599. Suppose 0 = 2*z - 3*z - b. Let t be z/18*(-6)/5. What is the highest common factor of t and 4?
4
Let c(q) = -q**2 + 15*q - 2. Let t be c(12). Calculate the highest common factor of t and 204.
34
Suppose -3*g - 5*u = -1, 5*g + 5*u - 9 = 4*u. Suppose y - 95 = -3*n, -g*n = 2*y - 6*n - 190. Calculate the greatest common factor of 38 and y.
19
Suppose -v + 11 = 2*w, -2*w + 5*w = -v + 8. What is the greatest common factor of v and 17?
17
Let w = 39 + -8. Calculate the greatest common divi